**2 + 0*u**2 - 9*u. What is the units digit of p(8)?
3
Suppose -3*k = -46 - 8. Let v = k - 5. What is the tens digit of v?
1
Let v = -6 - -9. Suppose v*n + 37 = 2*p, 2 = 3*p - 2*n - 46. What is the tens digit of p?
1
Suppose -56 = -5*a + 219. What is the units digit of a?
5
Let h(a) = a. Let w be h(2). Suppose -r + w*r - 5*c = -12, -r + 2*c = 0. What is the units digit of r?
8
Let c(x) = x**2 - 5*x + 6. Let n be c(4). Suppose 5*y = n*y. Suppose 3*r - s = 4, 5*s - 6 - 19 = y. What is the units digit of r?
3
What is the hundreds digit of 1199/6 - (-15)/(-18)?
1
Suppose 0*v - v - l + 219 = 0, 2*l = 2*v - 442. What is the units digit of v?
0
Let c(w) = -w - 1. Let a be c(-5). Let y(b) = b**3 - 3*b**2 - 3*b + 5. What is the units digit of y(a)?
9
What is the units digit of (33/5 + (-6)/(-15))*2?
4
Suppose -2*w + 3*o = 1 - 8, 5*w - 46 = -2*o. Suppose 3*a = -3*t + 18, 3*a + w = 3*t + a. What is the units digit of t?
4
Let k be 3 - 3*6/9. Let g(u) = 6*u**2 - 3*u + 2. What is the units digit of g(k)?
5
What is the units digit of 231/(-22)*(-2 + -10 + -2)?
7
Let v(c) = -c**3 + 4*c**2 - 4*c + 3. Let y be v(4). Let u = y - -18. Suppose i - u*i = 3*r - 68, 20 = 4*i. What is the units digit of r?
6
Let o(g) = -g**3 - 4*g + 1. Let r be o(-3). Let x = -23 + r. What is the units digit of x?
7
Suppose -57 = 5*u - 5*l - 182, -3*l + 17 = u. What is the units digit of u?
3
Let s be (-45)/10*8/(-6). What is the units digit of (-3)/(s/(-4))*1?
2
Let f be ((-9)/(-6))/(1/2). Let d(h) = h**3 - 3*h**2 - 3*h + 3. Let w be d(f). What is the tens digit of ((-3)/w)/(3/96)?
1
Suppose -3*z + 2*z + 54 = 0. Suppose 2*q - z = -q. What is the tens digit of q?
1
Suppose 0 = -2*n + 4*y + 738 - 166, 0 = 3*n + 2*y - 874. What is the hundreds digit of n?
2
Let w be 426/(-15) - (-6)/15. What is the tens digit of 2/7 - 748/w?
2
Let o = -107 + 296. What is the hundreds digit of o?
1
Suppose -3*k + 62 = -55. Suppose -4*c - k = -7*c. What is the units digit of c?
3
Suppose 11 = 2*z - h, -2*z + 15 = z - 3*h. Let v be 1 - (-2)/(z/21). Suppose -4*o + 26 = 5*f + 6, 3*o - v = -2*f. What is the units digit of f?
4
Let i = 3 + 70. What is the units digit of i?
3
Suppose -3*a - 4 = -25. Let y be (-7)/(a/20)*1. Let f = y + 29. What is the units digit of f?
9
Let s(o) = -5*o + 6. Suppose 2*t + 2 = -0*t. Let u(r) = r - 1. Let b(n) = t*s(n) - 6*u(n). What is the units digit of b(-4)?
4
Suppose -2*o = -4*d - 28, -3*o + d = 3*d - 58. What is the tens digit of 6/o + 76/6?
1
Suppose -3*g = -7 + 1. Suppose -3*h - g*z + 3*z = 5, h = -z - 7. Let d = h - -7. What is the units digit of d?
4
Let m(r) = r**2 + r + 1. Let x(l) = -l**2 + l + 2. Let u be x(2). What is the units digit of m(u)?
1
Suppose -f + r = -0*f - 340, -4*f - r = -1350. What is the tens digit of 2/(-12) - f/(-12)?
2
Suppose -4*v = -2*i - 2, -3*v + 0*v + 4*i - 11 = 0. What is the units digit of v?
3
Let a = -7 - -7. Suppose a = -i - 0*i - 3*x + 29, 4*i - 149 = -x. What is the units digit of i?
8
Suppose -5*b + 1003 = 3*k, 2*b - 3*k - 183 - 214 = 0. What is the tens digit of b?
0
What is the units digit of (3 - 1)*(-184)/(-2)?
4
Let g be -4*3/(-30)*35. Let a be -1*(-2 + 2 + 0). Suppose -4*y + 2*y + g = a. What is the units digit of y?
7
Suppose -o - 59 = -3*g, 0*g = 4*g - 2*o - 82. What is the tens digit of g?
1
Suppose 0 = 2*y - j + 5*j - 16, 22 = 5*y + j. Suppose -y*f + 2*g - 16 = -124, 3*f - 3*g - 87 = 0. What is the units digit of f?
5
Let u(b) = -10*b - 6. Let g be u(-2). Let d be 2/4*118*1. Suppose 0 = 5*s - d + g. What is the units digit of s?
9
Suppose 0 = -2*b - 3*n + 7, 0 = 2*n - 1 - 1. Suppose -q - 2*q = 5*s - 108, -3*q + 87 = -b*s. What is the units digit of q?
1
Suppose -8 = 5*c - 33. What is the tens digit of c/(20/(-6))*-22?
3
Let k(r) = -r**3 + 6*r**2 - 4*r - 2. Let p be k(4). Suppose -p*i - 39 = -15*i. What is the tens digit of i?
3
Let v = -8 + 2. What is the units digit of (1 - -1)/(v/(-81))?
7
Suppose 0 = 3*t + 17 - 236. What is the units digit of t?
3
Let t(o) = 2*o - 2*o**2 + 2 - 3*o**2 + 0*o**2 + o**3. Let l be t(4). Let s = 11 + l. What is the units digit of s?
5
Suppose -q = 3*q - 3*w - 256, -w = 4. Suppose 5*k = -2*c + q, -5*k + c + 20 = -32. What is the tens digit of k?
1
Let j be 1 + 1 - (-2 - 1). Suppose -4*h = 12, j*r - 20 = -3*h + 26. Let c = r + -6. What is the units digit of c?
5
Let u = -17 - -20. What is the units digit of 1/u*-3 + 47?
6
Let d(f) be the first derivative of -f**3/3 - 3*f**2 + 4*f - 1. Suppose 0 = -2*l + 2*n - 16, -5*l + 5 + 0 = 4*n. What is the units digit of d(l)?
3
Let n be (-10)/4*(-6)/5. Let w be ((-2)/3)/(n/(-81)). Suppose -2*t = t - w. What is the units digit of t?
6
Let d = 5 - 7. Let f(m) be the third derivative of -m**4/4 - m**3/6 - 9*m**2. What is the tens digit of f(d)?
1
Let p(v) = 6*v - 3. What is the units digit of p(2)?
9
Let p(t) = 5*t - 15. What is the units digit of p(7)?
0
Suppose 2*q - 12 = 5*a, 0*a - 9 = -q + a. What is the units digit of q?
1
Suppose 2*k + 4 = 4*w, -4*w + 28 = -3*k + 7*k. Suppose -w*i + 3 = -12. What is the units digit of i?
5
Let f(x) = 10*x + 4. Let m be f(-2). What is the units digit of (-684)/m - 3/(-12)?
3
What is the units digit of 30/(-10) + (-2 - -6) - -191?
2
Let p = 1 - 1. Let l be 17/(p - (2 + -1)). What is the units digit of l/(-5) - (-2)/(-5)?
3
Let b = 136 + -81. What is the tens digit of b?
5
Let k = -7 - -12. Let n(b) = b**3 - 4*b**2 - 3*b. What is the tens digit of n(k)?
1
Suppose -2*y = -3*y - 12. Let v be (-2 - y/3)*1. Suppose -2*h + 4 = v*h. What is the units digit of h?
1
Suppose 2*t - 114 + 32 = 0. What is the units digit of t?
1
Suppose -4*i + 3*i - 21 = 0. Let o be i/(-4) - 2/8. Suppose 2*f = -0*d + 5*d + 18, 0 = o*f - 5*d - 30. What is the units digit of f?
4
Let q = -4 - -8. Suppose 16 = q*j - l, 4*j - 4*l = 26 + 2. What is the units digit of j?
3
Let x be (-2)/8 - (-26)/8. Suppose -x*p + 13 = -o, 4*p - 6 = -5*o + 5. What is the units digit of p?
4
Let h(v) = v**3 + 7*v**2 + 7*v - 2. Let j(g) = g**3 + g**2 - g - 5. Let k be j(0). What is the tens digit of h(k)?
1
Let s(t) = t**2 - 3*t + 3. Let a be s(2). What is the units digit of -3 + a*(18 + -1)?
4
Let v(q) = -2*q**3 - 6*q**2 + 9*q + 11. What is the units digit of v(-5)?
6
Let k be -2 - (-6 - -4) - 0. Suppose -y + 4*p + 17 + 8 = k, -5*p - 5 = 0. What is the units digit of y?
1
Let u(p) be the second derivative of p**3/2 - 5*p**2/2 - 3*p. Let q(t) = -t**2 + 4*t + 1. Let k be q(3). What is the units digit of u(k)?
7
Suppose 0 = 4*m + l - 4, -6*l = -3*m - 2*l + 22. What is the units digit of m?
2
Suppose 0 = n - 4*t + 18, 5*n - 5*t = -0*n - 15. Suppose -4*u + n*z = -186, -4*z + 4 = -u + 33. Suppose 5*q = -9 + u. What is the units digit of q?
8
Let b(q) = q + 6. Let h be b(-10). Let t(c) = -c**3 - 3*c**2 - 2. What is the units digit of t(h)?
4
Let w = 12 + -8. Let a(r) = -r**3 + 7*r**2 + 7*r + 10. Let d be a(8). Suppose 80 = w*s + 4*x - 2*x, d*s = 5*x + 28. What is the units digit of s?
9
Let k be 0*(1 - (-3)/(-6)). Let l = k - -2. Suppose -2*p + 6 = l. What is the units digit of p?
2
Let k = -19 - -2. Let g = 30 + k. What is the units digit of g?
3
What is the tens digit of -2*3*(-15 - -9)?
3
Suppose -77 = -4*i + 3*w, -2*i + 0*i + 49 = -5*w. Suppose 3*v + p = 7, 4*v = 4*p + 19 + i. What is the units digit of v?
4
Let n be ((-1)/(2/(-14)))/1. Let d(k) = n - 1 - 1 - 4 - 3*k. What is the tens digit of d(-4)?
1
What is the units digit of 10/(-6)*27/(-3)?
5
What is the hundreds digit of ((-9)/(-15))/((-3)/15) + 125?
1
Suppose 259 - 937 = -6*f. What is the hundreds digit of f?
1
Let d(p) = -p**3 + 6*p**2 + 6*p + 9. Let v be d(7). What is the units digit of 8 - (-4 + (v - 1))?
1
Suppose u - 42 - 40 = 5*z, 4*z - u = -66. Let q = z + 40. What is the units digit of q?
4
Let q = 16 - 11. What is the units digit of q?
5
Suppose 4*i - 11 = 253. What is the units digit of i?
6
Suppose -b = -4*d + 34, -4*d + 0*d - b + 38 = 0. Suppose 1 - d = 2*v. Let k(g) = -g**2 - 6*g - 4. What is the units digit of k(v)?
4
Let d = 48 - -2. What is the units digit of d?
0
Let u be (-2)/(-6) + (-100)/(-15). Let o(m) = -m**2 + 7*m + 10. What is the tens digit of o(u)?
1
Let h(n) = -n**3 - 11*n**2 - 10*n + 2. Let z be h(-10). Suppose 240 = -z*c + 7*c. What is the units digit of c?
8
Let h = -4 + 12. Let g(x) = -